{"id":38,"date":"2016-12-27T23:36:05","date_gmt":"2016-12-27T23:36:05","guid":{"rendered":"http:\/\/clinicapsi.pt\/web\/?page_id=38"},"modified":"2018-08-12T18:49:09","modified_gmt":"2018-08-12T17:49:09","slug":"apresentacao","status":"publish","type":"page","link":"https:\/\/clinicapsi.pt\/web\/","title":{"rendered":"Apresenta\u00e7\u00e3o"},"content":{"rendered":"<p><img loading=\"lazy\" decoding=\"async\" class=\"alignnone size-full wp-image-124\" src=\"http:\/\/clinicapsi.pt\/web\/wp-content\/uploads\/2016\/12\/barra.png\" alt=\"\" width=\"1280\" height=\"16\" srcset=\"https:\/\/clinicapsi.pt\/web\/wp-content\/uploads\/2016\/12\/barra.png 1280w, https:\/\/clinicapsi.pt\/web\/wp-content\/uploads\/2016\/12\/barra-300x4.png 300w, https:\/\/clinicapsi.pt\/web\/wp-content\/uploads\/2016\/12\/barra-768x10.png 768w, https:\/\/clinicapsi.pt\/web\/wp-content\/uploads\/2016\/12\/barra-700x9.png 700w\" sizes=\"auto, (max-width: 1280px) 100vw, 1280px\" \/>A Cl\u00ednica PSI \u00e9 uma cl\u00ednica especializada no atendimento e tratamento de perturba\u00e7\u00f5es e patologias do foro ps\u00edquico.<\/p>\n<p>Dr. Pedro Levy<br \/>\n<strong>Psiquiatra<br \/>\n<\/strong><\/p>\n","protected":false},"excerpt":{"rendered":"<p>A Cl\u00ednica PSI \u00e9 uma cl\u00ednica especializada no atendimento e tratamento de perturba\u00e7\u00f5es e patologias do foro ps\u00edquico. Dr. Pedro Levy Psiquiatra<\/p>\n","protected":false},"author":1,"featured_media":0,"parent":0,"menu_order":0,"comment_status":"closed","ping_status":"closed","template":"","meta":{"footnotes":""},"class_list":["post-38","page","type-page","status-publish","hentry"],"_links":{"self":[{"href":"https:\/\/clinicapsi.pt\/web\/wp-json\/wp\/v2\/pages\/38","targetHints":{"allow":["GET"]}}],"collection":[{"href":"https:\/\/clinicapsi.pt\/web\/wp-json\/wp\/v2\/pages"}],"about":[{"href":"https:\/\/clinicapsi.pt\/web\/wp-json\/wp\/v2\/types\/page"}],"author":[{"embeddable":true,"href":"https:\/\/clinicapsi.pt\/web\/wp-json\/wp\/v2\/users\/1"}],"replies":[{"embeddable":true,"href":"https:\/\/clinicapsi.pt\/web\/wp-json\/wp\/v2\/comments?post=38"}],"version-history":[{"count":7,"href":"https:\/\/clinicapsi.pt\/web\/wp-json\/wp\/v2\/pages\/38\/revisions"}],"predecessor-version":[{"id":242,"href":"https:\/\/clinicapsi.pt\/web\/wp-json\/wp\/v2\/pages\/38\/revisions\/242"}],"wp:attachment":[{"href":"https:\/\/clinicapsi.pt\/web\/wp-json\/wp\/v2\/media?parent=38"}],"curies":[{"name":"wp","href":"https:\/\/api.w.org\/{rel}","templated":true}]}}